alculate the remainder when 57 is divided by a(3).
12
What is the remainder when (2 - -1)*(-65)/(-15) is divided by 7?
6
Let q = -46 - -91. What is the remainder when q is divided by (-34)/(-3) + 2/3?
9
Let c = 82 - 36. Let w(r) = r + 7. Calculate the remainder when c is divided by w(5).
10
Calculate the remainder when (-1410)/(-12) - (-1)/2 is divided by 40.
38
Suppose 8 + 2 = r. Suppose -5*n = 4*c - 179, n - 20 - 31 = 3*c. Calculate the remainder when n is divided by r.
9
Let u(o) = o**2 + 11*o + 13. What is the remainder when 83 is divided by u(-12)?
8
Suppose 0 = 5*h + 11 - 81. What is the remainder when h is divided by 4?
2
Suppose -3*h + 52 = h. Let j(i) = 2*i + 1 - 6*i**3 + 7*i**2 + 4*i**3 - 4*i**3 + 5*i**3. What is the remainder when j(6) is divided by h?
10
Let c be (-3 + 18)/(-2 + 1). What is the remainder when (-26)/(-6) + (-10)/c is divided by 3?
2
Let b = 2 - -4. Suppose -4*m + b = -m. Suppose 5*f - 45 = -4*n, -m*n - 4*f + 25 = f. Calculate the remainder when n is divided by 6.
4
Suppose -7*i + 75 = 3*j - 4*i, 64 = 4*j - 5*i. Let s = 29 + -21. Calculate the remainder when j is divided by s.
5
Let p = 7 + -2. Suppose 4*f = a + 31, -p*f = 2*a - 5*a - 30. Let g = 26 + f. What is the remainder when g is divided by 12?
11
Let d(t) be the second derivative of -t**3/3 - 5*t**2 - 2*t. Let x be d(-9). Calculate the remainder when 15 is divided by (-99)/(-12) + (-2)/x.
7
Suppose 3*o + o = 2*z - 18, 0 = -o + z - 5. Let s = o + 37. Calculate the remainder when s is divided by 12.
9
Suppose 2*y + 2*j = -4, 0*j + j + 8 = -2*y. Let a(p) = 4*p - 3. Let k be a(y). Let t = k + 59. Calculate the remainder when t is divided by 11.
10
Let b(y) = y**3 - 3*y**2 - 4*y + 2. Let x(m) = m**2 + 4. Let t = 8 + -8. Let p be x(t). Calculate the remainder when 3 is divided by b(p).
1
Let x(p) = -2*p - 7. Let l = -14 + 8. Let c be x(l). Suppose -5*s + 35 = c*u, -4*u + s + 1 = -12. What is the remainder when 10 is divided by u?
2
Suppose -11 = 2*s - 15. Calculate the remainder when s is divided by 2.
0
Let i = -24 + 14. Calculate the remainder when 25 is divided by (12/i)/((-4)/30).
7
Let i = 3 - -49. What is the remainder when i is divided by 14?
10
Suppose 5 = 3*h + 2*w - 47, -w - 64 = -3*h. What is the remainder when h is divided by 11?
9
Suppose 135 = 2*b + 3*z, -b + 70 = -0*b + 2*z. Suppose 4*l - b = -l. What is the remainder when 34 is divided by l?
10
Let r(m) = -m**3 + 24. Let f = 103 + -69. Suppose 0*p - 33 = -p + 4*v, 0 = 3*p + v - f. Calculate the remainder when r(0) is divided by p.
11
Suppose 0 = -6*p + 4*p - 5*a + 56, -3*p + 50 = -a. What is the remainder when 51 is divided by p?
15
Let h(p) = p**3 + 9*p**2 + 9*p + 11. Calculate the remainder when h(-8) is divided by 2.
1
Calculate the remainder when (1800/105)/(-1 - 8/(-7)) is divided by 31.
27
Let f = 0 - 0. Suppose -5*g = -20, m + 3*g = -f*m + 14. Suppose m*x = 19 + 11. What is the remainder when 29 is divided by x?
14
Let c(w) = w. Let s be c(-6). What is the remainder when 9 is divided by s/4 - 13/(-2)?
4
Let n = 1 + -5. What is the remainder when 2 is divided by (5/(10/n))/(-1)?
0
Let m(t) = -t + 22. Let f(n) = 7*n + 2. What is the remainder when f(2) is divided by m(16)?
4
Suppose 6*x = -3*g + 3*x + 15, g - 5*x + 25 = 0. Suppose -z - 5*l + 9 = g, -4*z = 3*l - 51 - 2. Calculate the remainder when z is divided by 8.
6
Let l = 13 - -12. Calculate the remainder when l is divided by -42*(-4 - 44/(-12)).
11
Suppose -5*i = 4*r - 81, -5*r + 7*i - 3*i + 91 = 0. Let x = r - 9. Let q = 14 - x. What is the remainder when q is divided by 3?
1
Let q = -31 + 44. Calculate the remainder when 36 is divided by q.
10
Let d = -112 - -156. Calculate the remainder when d is divided by 15.
14
What is the remainder when (-4)/(-22) - 1834/(-77) is divided by 13?
11
Let u be 6/(3 - 0) + 2. Suppose -2*z = -r + 9, -4*z = -7*z - u*r - 19. Let m = 0 - z. What is the remainder when 8 is divided by m?
3
Suppose 5*s - 20 = -0. Suppose -12 = -2*a - s. Suppose 3*z - 11 = 2*i, 0 = -3*z - 5*i + 2*i + 6. Calculate the remainder when a is divided by z.
1
Suppose 14*d - 13*d = 20. Calculate the remainder when d is divided by 7.
6
Let q(z) = 18*z + 4. What is the remainder when q(3) is divided by 15?
13
Let p(v) = 2*v + 10. Let u be p(-9). Suppose -4 = -0*k - k. Calculate the remainder when (-2)/3*156/u is divided by k.
1
Let n(a) = -a**2 + 10*a - 3. What is the remainder when 16 is divided by n(9)?
4
Let h(a) = -a - 10. Let w be h(-5). Let z = -2 - w. What is the remainder when 5 is divided by z?
2
Suppose 45 = -5*g - 0*g. Let b = -15 - g. Calculate the remainder when (4*-1)/(b/21) is divided by 4.
2
Suppose 0 = 4*u - 7*c + 3*c + 108, -3*u + 2*c - 81 = 0. Let v = u - -47. Suppose y = v + 24. What is the remainder when y is divided by 15?
14
Let j(v) = -v + 35. Calculate the remainder when 99 is divided by j(18).
14
Let j = 22 - -128. Calculate the remainder when j is divided by 38.
36
Suppose 4*j + 15 = j. Calculate the remainder when 7 is divided by 9/5 - 1/j.
1
Suppose -3*x = -6*x - 2*z + 126, 5*x - 4*z - 188 = 0. What is the remainder when x is divided by 7?
5
Let u(j) = j**3 + j**2 + 3. Let y be u(4). Suppose -5*s + 2 = -y. What is the remainder when s is divided by 2/5 + (-43)/(-5)?
8
Let x be 1 + 49 + 2 + -3. Let p = -32 + x. Suppose 0 = 2*s - 8, 0 = m - 3*m - 2*s + 106. What is the remainder when m is divided by p?
15
Let l = 79 + 54. Suppose 0 = 3*v - 86 - l. What is the remainder when v is divided by 25?
23
Let n = -2 + 4. Suppose n*g - 4 = 4. Suppose g*f - 49 = 19. What is the remainder when f is divided by 6?
5
Let a = 133 + -78. What is the remainder when a + -3*(-6)/(-9) is divided by (-73)/(-4) + 2/(-8)?
17
Let s = -15 + 36. What is the remainder when 39 is divided by s?
18
Suppose -3*h + 5*b = -16, -4*h + b - 6 - 1 = 0. Let j be (-10)/8 + h/(-12). What is the remainder when 20 is divided by j/(-2)*(1 + 13)?
6
Let j = 1 + 2. Suppose -j*z = 0, 205 = 5*n + 3*z - z. What is the remainder when n is divided by 14?
13
Let c = -50 - -82. What is the remainder when 122 is divided by c?
26
Let o(t) = 2*t**2 + 2*t - 1. Let f be o(1). Calculate the remainder when 0 + (2 - f) + 15 is divided by 5.
4
Let r = 20 - 2. What is the remainder when 33 is divided by r?
15
What is the remainder when (-2 + 1)*-1 + -2 + 19 is divided by 6?
0
Let h = 21 - 9. Let v be (-1)/(-3)*(11 - 5). Suppose h = -v*k + 6*k. What is the remainder when 7 is divided by k?
1
Let f = -41 + 235. Let l be 1 + 2/1 + -7. What is the remainder when (-1)/(-2) - f/l is divided by 17?
15
Let x = 120 + -63. Calculate the remainder when x is divided by 10.
7
Suppose -5*d + 171 = 46. Calculate the remainder when d is divided by 13.
12
Suppose -3 = 3*i, -i - 38 = -3*w - 5*i. Suppose -3*m + 62 = w. Let u(o) = o**3 + o**2 - o + 46. Calculate the remainder when u(0) is divided by m.
14
Suppose -3*t - 228 = -9*t. Calculate the remainder when t is divided by 10.
8
Let p = -64 + 120. Calculate the remainder when p is divided by 19.
18
What is the remainder when -7*((-2)/6)/(2/6) is divided by 4?
3
Suppose -5*d = 3*q + 13, -q + 3*d = 3 - 22. Suppose -3*g = -0*g - 18. What is the remainder when g is divided by q?
2
Let l(k) = -2*k**3 + 57*k**2 + 27*k + 65. Let t(y) = 10*y**2 - y. Calculate the remainder when t(-1) is divided by l(29).
4
Let p(x) = 15*x**2 - x. Suppose -5*y - 3 = 2. Let q be p(y). Calculate the remainder when 25 is divided by 38/4 - 8/q.
7
Suppose 3*k = 36 - 0. Let t = 6 + k. Suppose -v + 1 = -4*c + 30, 2*v + 2 = 0. What is the remainder when t is divided by c?
4
Let a(f) = 3*f**3 + f**2 + 2*f + 1. What is the remainder when a(2) is divided by 7?
5
Let t = 6 + -3. Suppose -3*y + 63 = y + t*n, 5*n = 3*y - 40. Calculate the remainder when 29 is divided by y.
14
Let u = -1 + 16. Suppose u = 4*f - f. Suppose -4*i - f*l = -28 - 19, 3*l + 42 = 3*i. What is the remainder when 38 is divided by i?
12
Suppose 5*m = 3 + 12. Calculate the remainder when 15 is divided by m.
0
Let d(y) = y**3 - 10*y**2 + 7*y - 3. Let a be d(6). Let h = a - -168. Calculate the remainder when h/4 - (-2)/8 is divided by 6.
4
Suppose -2*z + 55 = -5*j - 50, 3*z + j - 166 = 0. What is the remainder when z is divided by 29?
26
Calculate the remainder when 3/(-6) - (-261)/6 is divided by 16.
11
Sup